+ 149865. Determine s(12).
-3
Let u(h) = -h**3 - 73*h**2 - 549*h - 46101. Give u(-74).
1
Let p(m) = 224*m**2 + 1554*m + 56. Determine p(-7).
154
Let a(m) = 3326*m + 19978. Determine a(-6).
22
Let x(w) = 4570*w + 215. Give x(0).
215
Let d(y) = 71*y**2 + 1337*y + 3247. Determine d(-16).
31
Let r(w) = w**2 - 623*w + 6136. Determine r(10).
6
Let u(f) = -37660*f**2 + 75339*f - 5. Calculate u(2).
33
Let s(d) = 5*d**3 + 161*d**2 - 850*d + 689. Calculate s(1).
5
Let v(n) = 5033*n**2 - 95622*n - 92. Determine v(19).
3
Let q(o) = o**3 + 2*o**2 - 69*o + 263. Determine q(6).
137
Let g(z) = -10*z**2 - 90*z + 13. What is g(8)?
-1347
Let p(b) = b**3 - 29*b**2 + 90*b - 3271. Give p(31).
1441
Let j(t) = 208*t + 2006. Give j(-10).
-74
Let m(z) = 597*z - 29617. Determine m(45).
-2752
Let j(q) = 777*q + 139096. What is j(-179)?
13
Let s(b) = b**3 + 238*b**2 + 7400*b - 7433. Determine s(-201).
4
Let u(t) = 973087*t + 7784700. Determine u(-8).
4
Let j(z) = -2*z**2 + 1028*z - 10097. Determine j(10).
-17
Let r(z) = -1156*z + 35800. Calculate r(31).
-36
Let u(n) = 17*n**2 - 153*n + 941. What is u(9)?
941
Let y(l) = -3*l**2 - 1138*l + 290298. Determine y(-554).
2
Let m(k) = 1944*k + 38914. What is m(-20)?
34
Let x(v) = v**3 - 24*v**2 + 144*v - 119. Give x(13).
-106
Let d(v) = -68*v**2 - 16*v - 42. What is d(-3)?
-606
Let r(c) = c**3 - 72*c**2 + 413*c - 113. Determine r(66).
1009
Let j(n) = -2*n**2 + 566*n - 26064. Calculate j(225).
36
Let f(s) = 3*s**3 + 298*s**2 - 903*s - 29. Determine f(3).
25
Let j(v) = -v**2 - 8415*v - 1215332. Calculate j(-147).
64
Let a(r) = 13*r**3 + 7*r**2 - 4325*r + 4320. Calculate a(1).
15
Let w(s) = 2*s**3 - 26*s**2 - 462*s + 5966. Determine w(13).
-40
Let s(y) = y**3 - 18*y**2 + 70*y - 1256. Determine s(18).
4
Let z(i) = -1729*i**2 - 264536*i + 155. What is z(-153)?
2
Let x(a) = -a**3 + 85*a**2 + 1754*a - 2010. Calculate x(102).
30
Let f(z) = z**3 - 6*z**2 - 100*z + 581. Calculate f(6).
-19
Let g(n) = -n**3 + 68*n**2 - 160*n + 2074. Determine g(66).
226
Let v(s) = 5*s**2 - 157*s - 22355. Determine v(-53).
11
Let a(l) = -685*l + 67992. Calculate a(99).
177
Let z(r) = r**3 - 4*r**2 + 8*r - 7. Give z(2).
1
Let n(o) = 4*o**2 - 25*o + 16. Calculate n(0).
16
Let x(g) = -g**3 - 92*g**2 + 2138*g + 202744. What is x(-91)?
-95
Let p(n) = -764992*n - 4589947. Calculate p(-6).
5
Let u(n) = -27*n**2 - 10831*n - 32486. Give u(-3).
-236
Let f(w) = 4765*w**2 + 47661*w - 37. Calculate f(-10).
-147
Let t(b) = -467127*b - 35034522. Calculate t(-75).
3
Let h(c) = -1731*c - 8716. Give h(-5).
-61
Let m(c) = -3613122*c - 3613128. Give m(-1).
-6
Let q(h) = -9630*h - 308326. Determine q(-32).
-166
Let z(c) = 265*c - 37681. Calculate z(142).
-51
Let v(o) = -58*o**2 + 43538*o - 87085. Determine v(2).
-241
Let s(t) = 20629*t + 206290. Determine s(-10).
0
Let o(f) = -91959*f + 919590. What is o(10)?
0
Let x(m) = -m**3 + 622*m**2 - 22230*m + 22186. Calculate x(584).
-6
Let t(m) = 121*m + 10608. Calculate t(-88).
-40
Let t(v) = 284*v - 632. Give t(-2).
-1200
Let r(h) = -1272*h**2 - 6354*h + 1. Give r(-5).
-29
Let l(w) = 47458*w + 47454. Determine l(-1).
-4
Let u(i) = -i**3 - i**2 + 136*i + 373. What is u(-10)?
-87
Let y(g) = 189*g**2 + 35155*g + 203. Calculate y(-186).
17
Let h(u) = -330*u - 4276. Give h(-13).
14
Let k(y) = -2*y**3 - 339*y**2 - 518*y - 2324. Calculate k(-168).
28
Let p(u) = u**3 + 91*u**2 - 790*u - 64337. Give p(-92).
-121
Let c(a) = 113*a - 6038. Determine c(55).
177
Let b(y) = -130*y**2 + 1858*y + 22027. What is b(22)?
-17
Let u(h) = h**2 + 1841*h + 12862. What is u(-7)?
24
Let i(b) = -5*b**3 - 19*b**2 - 441*b - 2210. Calculate i(-5).
145
Let i(l) = -3*l**2 - 33*l + 165. What is i(-11)?
165
Let s(l) = 2*l**3 - 13*l**2 + 21*l - 158. Give s(7).
38
Let m(s) = -2339*s + 4673. Determine m(2).
-5
Let y(a) = a**3 - 23*a**2 - 346*a + 4197. Determine y(30).
117
Let l(g) = g**2 - 69*g + 1969. Calculate l(32).
785
Let x(k) = -4357*k + 52244. Give x(12).
-40
Let u(m) = -362*m**3 + m**2 - m + 327. Calculate u(0).
327
Let w(x) = -4*x**3 - 65*x**2 + 471*x + 37. Determine w(6).
-341
Let k(o) = -4*o**2 + 1195*o - 10115. Determine k(290).
35
Let z(a) = -2159256*a - 8637042. Calculate z(-4).
-18
Let v(c) = -c**2 + 3*c + 28108. Calculate v(169).
54
Let l(c) = -52*c + 1503. Determine l(24).
255
Let l(y) = 5*y**2 - 7624*y + 60664. Determine l(8).
-8
Let k(s) = 19293*s + 76905. Calculate k(-4).
-267
Let y(n) = -n**2 - 34*n + 148. What is y(-39)?
-47
Let r(p) = -524*p - 12738. Determine r(-24).
-162
Let o(q) = -35927*q + 35917. Give o(1).
-10
Let f(h) = -11*h + 2277. What is f(194)?
143
Let n(k) = 49*k**2 - 112*k - 30. Calculate n(-4).
1202
Let s(x) = 2*x**3 - 49*x**2 + 28*x - 2465. Calculate s(26).
291
Let b(d) = 85*d**2 + 2738*d - 41. What is b(-32)?
-617
Let a(j) = -3*j**2 - 970*j + 6268. Give a(-328).
1676
Let m(d) = 2284*d + 38956. Determine m(-17).
128
Let c(w) = w**3 - 67*w**2 - 32*w + 2080. Give c(67).
-64
Let b(j) = -30*j + 19682. Give b(656).
2
Let x(j) = -j**3 - 9*j**2 - 395*j - 4191. What is x(-10)?
-141
Let w(m) = 702*m + 15206. What is w(-22)?
-238
Let l(x) = x**2 + 11483*x + 229250. Determine l(-20).
-10
Let y(q) = 359*q + 7677. Calculate y(-21).
138
Let t(z) = z**2 + 52*z - 5132. Give t(-112).
1588
Let k(m) = -46237*m + 370106. Calculate k(8).
210
Let w(d) = 3*d**2 - 308*d - 5445. Give w(118).
-17
Let b(p) = -p**2 + 1047*p + 272823. Calculate b(-216).
15
Let y(g) = -g**2 + 136*g - 2939. Calculate y(27).
4
Let i(g) = -1338*g - 9934. Determine i(-7).
-568
Let g(v) = -3500*v + 2180507. Give g(623).
7
Let a(o) = -o**3 + 86*o**2 - 1158*o + 2621. Calculate a(70).
-39
Let n(h) = 2*h**3 - 12*h**2 - 2361*h + 11864. What is n(5)?
9
Let p(o) = 37078*o - 222413. Calculate p(6).
55
Let j(p) = 2*p**3 - 42*p**2 - 75*p - 11. Determine j(22).
-693
Let o(m) = 13556*m - 13518. Determine o(1).
38
Let l(d) = -11*d**2 - 1378*d - 43091. Determine l(-65).
4
Let t(u) = 3*u**2 - 456*u + 3878. Give t(147).
1673
Let x(o) = -173*o + 3566. Give x(27).
-1105
Let p(j) = -495427*j - 33689031. Calculate p(-68).
5
Let j(s) = 3*s**2 + 945*s + 14268. What is j(-16)?
-84
Let r(c) = 15*c**2 + 1160*c - 3225. Determine r(-80).
-25
Let c(a) = a**3 + 58*a**2 - 13*a - 281. Give c(-58).
473
Let k(t) = -7*t**3 - 6615*t**2 + 213*t + 201300. Calculate k(-945).
15
Let b(t) = 40*t**3 - 1358*t**2 + 377*t - 15141. What is b(34)?
-11
Let x(s) = 88*s + 992. What is x(-9)?
200
Let l(k) = -k**3 + 23*k**2 + 127*k - 3228. Give l(22).
50
Let w(a) = -475*a**2 - 6650*a + 35. What is w(-14)?
35
Let t(q) = 10*q + 405. Determine t(-14).
265
Let u(a) = 1832*a - 78700. Give u(43).
76
Let m(q) = -207*q + 78073. Give m(377).
34
Let q(w) = -w**2 - 117*w + 215. Determine q(6).
-523
Let b(h) = -3*h**3 + 17*h**2 + 163*h + 128. Calculate b(11).
-15
Let z(t) = -2*t**3 - 82*t**2 + 659*t + 26998. What is z(-41)?
-21
Let c(r) = -1527*r + 788. Calculate c(1).
-739
Let z(r) = -361*r - 4682. Give z(-13).
11
Let r(x) = -137*x**3 - 1358*x**2 + 118*x - 22. What is r(-10)?
-2
Let z(w) = 40808*w + 3346224. What is z(-82)?
-32
Let x(j) = j**2 + 80303*j - 562163. Determine x(7).
7
Let o(s) = 102629*s + 718393. Give o(-7).
-10
Let j(y) = 3*y**3 + 196*y**2 + 283*y + 1846. Give j(-64).
118
Let x(y) = 80*y + 597. Calculate x(-6).
117
Let u(c) = 711*c + 16044. Determine u(-23).
-309
Let w(g) = -7*g**2 + 421*g + 3934. Give w(-9).
-422
Let a(w) = 147042*w - 25732356. Give a(175).
-6
Let u(v) = -v**3 - 21*v**2 - 427*v - 9805. Give u(-22).
73
Let k(f) = -f**3 - 11*f**2 + 2419*f + 24286. Determine k(-10).
-4
Let g(p) = 2*p**2 + 108*p - 10720. Calculate g(-105).
-10
Let o(b) = 12733*b - 1006069. Calculate o(79).
-162
Let p(x) = 3408*x + 40712. Determine p(-12).
-184
Let q(t) = -t**2 - 359*t - 21364. Give q(-71).
-916
Let o(d) = 5712*d - 51420. Calculate o(9).
-12
Let o(m) = 2*m**3 + 57*m**2 + 302*m + 7371. Determine o(-28).
-301
Let n(k) = 682*k - 16379. Give n(24).
-11
Let i(t) = -109850*t - 768929. Determine i(-7).
21
Let m(s) = 20*s**2 - 2233*s + 1434. Determine m(111).
-9
Let r(g) = -2*g**2 + 5676*g - 333387. Give r(60).
-27
Let h(u) = -u**2 - 2861*u + 239717. Calculate h(81).
1415
Let a(d) = -2101*d**2 - 160*d + 145. Determine a(1).
-2116
Let u(k) = 5*k**2 + 109*k - 859. What is u(-28)?
9
Let k(t) = 12*t**3 + 6*t**2 + 13813*t + 13808. What is k(-